{"id":520,"date":"2019-09-17T09:26:08","date_gmt":"2019-09-17T08:26:08","guid":{"rendered":"https:\/\/tradicuisine.com\/?page_id=520"},"modified":"2022-08-12T15:03:08","modified_gmt":"2022-08-12T13:03:08","slug":"pays-nordiques","status":"publish","type":"page","link":"https:\/\/tradicuisine.com\/index.php\/europe\/pays-nordiques\/","title":{"rendered":"Recettes Scandinaves"},"content":{"rendered":"\n<p>Sur cette page, vous trouverez l&rsquo;ensemble de mes recettes des pays nordiques. Si vous souhaitez que je poste une recette sur un plat de cette r\u00e9gion en particulier, faites le moi savoir en laissant un commentaire sur cette page. Merci d&rsquo;avance et bonne visite \ud83d\ude42<\/p>\n\n\n\n<div style=\"height:20px\" aria-hidden=\"true\" class=\"wp-block-spacer\"><\/div>\n\n\n\n<div class=\"wp-block-media-text alignwide is-stacked-on-mobile\"><figure class=\"wp-block-media-text__media\"><a href=\"https:\/\/tradicuisine.com\/index.php\/europe\/pays-nordiques\/boulettes-de-viande-suedoises\/\"><img loading=\"lazy\" decoding=\"async\" width=\"1024\" height=\"576\" src=\"https:\/\/tradicuisine.com\/wp-content\/uploads\/2019\/11\/05112019-boul1-1024x576.jpg\" alt=\"\" class=\"wp-image-865 size-full\" srcset=\"https:\/\/tradicuisine.com\/wp-content\/uploads\/2019\/11\/05112019-boul1-1024x576.jpg 1024w, https:\/\/tradicuisine.com\/wp-content\/uploads\/2019\/11\/05112019-boul1-300x169.jpg 300w, https:\/\/tradicuisine.com\/wp-content\/uploads\/2019\/11\/05112019-boul1-768x432.jpg 768w, https:\/\/tradicuisine.com\/wp-content\/uploads\/2019\/11\/05112019-boul1-1536x864.jpg 1536w, https:\/\/tradicuisine.com\/wp-content\/uploads\/2019\/11\/05112019-boul1-2048x1152.jpg 2048w, https:\/\/tradicuisine.com\/wp-content\/uploads\/2019\/11\/05112019-boul1-1568x882.jpg 1568w\" sizes=\"auto, (max-width: 1024px) 100vw, 1024px\" \/><\/a><\/figure><div class=\"wp-block-media-text__content\">\n<p class=\"has-text-align-center\"><a href=\"https:\/\/tradicuisine.com\/index.php\/pays-nordiques\/boulettes-de-viande-suedoises\/\">K\u00f6ttbullar : boulettes de viande su\u00e9doises<\/a> <\/p>\n<\/div><\/div>\n\n\n\n<div style=\"height:20px\" aria-hidden=\"true\" class=\"wp-block-spacer\"><\/div>\n\n\n\n<div class=\"wp-block-media-text alignwide is-stacked-on-mobile\"><figure class=\"wp-block-media-text__media\"><a href=\"https:\/\/tradicuisine.com\/index.php\/europe\/pays-nordiques\/roules-a-la-cannelle-suedois\/\"><img loading=\"lazy\" decoding=\"async\" width=\"360\" height=\"240\" src=\"https:\/\/tradicuisine.com\/wp-content\/uploads\/2019\/09\/13092019-DSC00141-ConvertImage.jpg\" alt=\"\" class=\"wp-image-548 size-full\" srcset=\"https:\/\/tradicuisine.com\/wp-content\/uploads\/2019\/09\/13092019-DSC00141-ConvertImage.jpg 360w, https:\/\/tradicuisine.com\/wp-content\/uploads\/2019\/09\/13092019-DSC00141-ConvertImage-300x200.jpg 300w\" sizes=\"auto, (max-width: 360px) 100vw, 360px\" \/><\/a><\/figure><div class=\"wp-block-media-text__content\">\n<p class=\"has-text-align-center\"><a href=\"https:\/\/tradicuisine.com\/index.php\/europe\/pays-nordiques\/roules-a-la-cannelle-suedois\/\" data-type=\"page\" data-id=\"524\">Kanelbullar : roul\u00e9s \u00e0 la cannelle<\/a><\/p>\n<\/div><\/div>\n","protected":false},"excerpt":{"rendered":"<p>Sur cette page, vous trouverez l&rsquo;ensemble de mes recettes des pays nordiques. Si vous souhaitez que je poste une recette sur un plat de cette r\u00e9gion en particulier, faites le moi savoir en laissant un commentaire sur cette page. Merci d&rsquo;avance et bonne visite \ud83d\ude42 K\u00f6ttbullar : boulettes de viande su\u00e9doises Kanelbullar : roul\u00e9s \u00e0 &hellip;<\/p>\n<p class=\"read-more\"> <a class=\"\" href=\"https:\/\/tradicuisine.com\/index.php\/europe\/pays-nordiques\/\"> <span class=\"screen-reader-text\">Recettes Scandinaves<\/span> Lire la suite\u00a0\u00bb<\/a><\/p>\n","protected":false},"author":1,"featured_media":0,"parent":3232,"menu_order":8,"comment_status":"open","ping_status":"closed","template":"","meta":{"wprm-recipe-roundup-name":"","wprm-recipe-roundup-description":"","site-sidebar-layout":"default","site-content-layout":"default","ast-global-header-display":"","ast-main-header-display":"","ast-hfb-above-header-display":"","ast-hfb-below-header-display":"","ast-hfb-mobile-header-display":"","site-post-title":"","ast-breadcrumbs-content":"","ast-featured-img":"","footer-sml-layout":"","theme-transparent-header-meta":"","adv-header-id-meta":"","stick-header-meta":"","header-above-stick-meta":"","header-main-stick-meta":"","header-below-stick-meta":"","footnotes":""},"class_list":["post-520","page","type-page","status-publish","hentry"],"_links":{"self":[{"href":"https:\/\/tradicuisine.com\/index.php\/wp-json\/wp\/v2\/pages\/520","targetHints":{"allow":["GET"]}}],"collection":[{"href":"https:\/\/tradicuisine.com\/index.php\/wp-json\/wp\/v2\/pages"}],"about":[{"href":"https:\/\/tradicuisine.com\/index.php\/wp-json\/wp\/v2\/types\/page"}],"author":[{"embeddable":true,"href":"https:\/\/tradicuisine.com\/index.php\/wp-json\/wp\/v2\/users\/1"}],"replies":[{"embeddable":true,"href":"https:\/\/tradicuisine.com\/index.php\/wp-json\/wp\/v2\/comments?post=520"}],"version-history":[{"count":3,"href":"https:\/\/tradicuisine.com\/index.php\/wp-json\/wp\/v2\/pages\/520\/revisions"}],"predecessor-version":[{"id":6380,"href":"https:\/\/tradicuisine.com\/index.php\/wp-json\/wp\/v2\/pages\/520\/revisions\/6380"}],"up":[{"embeddable":true,"href":"https:\/\/tradicuisine.com\/index.php\/wp-json\/wp\/v2\/pages\/3232"}],"wp:attachment":[{"href":"https:\/\/tradicuisine.com\/index.php\/wp-json\/wp\/v2\/media?parent=520"}],"curies":[{"name":"wp","href":"https:\/\/api.w.org\/{rel}","templated":true}]}}