{"id":1856,"date":"2020-04-05T08:14:58","date_gmt":"2020-04-05T07:14:58","guid":{"rendered":"https:\/\/tradicuisine.com\/?page_id=1856"},"modified":"2020-04-05T08:14:58","modified_gmt":"2020-04-05T07:14:58","slug":"cuisine-coreenne","status":"publish","type":"page","link":"https:\/\/tradicuisine.com\/index.php\/ingredients-indispensables\/cuisine-coreenne\/","title":{"rendered":"Cuisine Cor\u00e9enne"},"content":{"rendered":"\n<p>Dans les articles suivants, je vous pr\u00e9sente des ingr\u00e9dients typiques de la cuisine cor\u00e9enne, ce qui vous permettra de r\u00e9aliser toutes mes recettes cor\u00e9ennes sans difficult\u00e9. Vous allez voir qu&rsquo;il ne faut pas grand chose pour r\u00e9aliser de d\u00e9licieux plats traditionnels cor\u00e9en \u00e0 la maison \ud83d\ude42<\/p>\n\n\n\n<ul class=\"wp-block-list\"><li><a href=\"https:\/\/tradicuisine.com\/index.php\/les-sauces\/\">Sauces<\/a><\/li><li><a href=\"https:\/\/tradicuisine.com\/index.php\/ingredients-indispensables\/cuisine-coreenne\/pates-coreennes\/\">P\u00e2tes ferment\u00e9es<\/a><\/li><li><a href=\"https:\/\/tradicuisine.com\/index.php\/ingredients-indispensables\/cuisine-coreenne\/bouillon-dashi-coreen\/\">Bouillon cor\u00e9en (dashi)<\/a><\/li><li><a href=\"https:\/\/tradicuisine.com\/index.php\/ingredients-indispensables\/cuisine-coreenne\/galettes-de-riz-coreennes\/\">Galettes de riz cor\u00e9ennes (garae-tteok\/tteokbokki)<\/a><\/li><li><a href=\"https:\/\/tradicuisine.com\/index.php\/ingredients-indispensables\/cuisine-coreenne\/kimchi\/\">L\u00e9gumes ferment\u00e9s (kimchi)<\/a><\/li><\/ul>\n\n\n\n<p>Cette page sera compl\u00e9t\u00e9e au fur et \u00e0 mesure que j&rsquo;ajouterai des recettes cor\u00e9ennes sur mon site web \ud83d\ude09<\/p>\n","protected":false},"excerpt":{"rendered":"<p>Dans les articles suivants, je vous pr\u00e9sente des ingr\u00e9dients typiques de la cuisine cor\u00e9enne, ce qui vous permettra de r\u00e9aliser toutes mes recettes cor\u00e9ennes sans difficult\u00e9. Vous allez voir qu&rsquo;il ne faut pas grand chose pour r\u00e9aliser de d\u00e9licieux plats traditionnels cor\u00e9en \u00e0 la maison \ud83d\ude42 Sauces P\u00e2tes ferment\u00e9es Bouillon cor\u00e9en (dashi) Galettes de riz &hellip;<\/p>\n<p class=\"read-more\"> <a class=\"\" href=\"https:\/\/tradicuisine.com\/index.php\/ingredients-indispensables\/cuisine-coreenne\/\"> <span class=\"screen-reader-text\">Cuisine Cor\u00e9enne<\/span> Lire la suite\u00a0\u00bb<\/a><\/p>\n","protected":false},"author":1,"featured_media":5390,"parent":1735,"menu_order":0,"comment_status":"open","ping_status":"closed","template":"","meta":{"wprm-recipe-roundup-name":"","wprm-recipe-roundup-description":"","site-sidebar-layout":"default","site-content-layout":"default","ast-global-header-display":"","ast-main-header-display":"","ast-hfb-above-header-display":"","ast-hfb-below-header-display":"","ast-hfb-mobile-header-display":"","site-post-title":"","ast-breadcrumbs-content":"","ast-featured-img":"","footer-sml-layout":"","theme-transparent-header-meta":"default","adv-header-id-meta":"","stick-header-meta":"","header-above-stick-meta":"","header-main-stick-meta":"","header-below-stick-meta":"","footnotes":""},"class_list":["post-1856","page","type-page","status-publish","has-post-thumbnail","hentry"],"_links":{"self":[{"href":"https:\/\/tradicuisine.com\/index.php\/wp-json\/wp\/v2\/pages\/1856","targetHints":{"allow":["GET"]}}],"collection":[{"href":"https:\/\/tradicuisine.com\/index.php\/wp-json\/wp\/v2\/pages"}],"about":[{"href":"https:\/\/tradicuisine.com\/index.php\/wp-json\/wp\/v2\/types\/page"}],"author":[{"embeddable":true,"href":"https:\/\/tradicuisine.com\/index.php\/wp-json\/wp\/v2\/users\/1"}],"replies":[{"embeddable":true,"href":"https:\/\/tradicuisine.com\/index.php\/wp-json\/wp\/v2\/comments?post=1856"}],"version-history":[{"count":0,"href":"https:\/\/tradicuisine.com\/index.php\/wp-json\/wp\/v2\/pages\/1856\/revisions"}],"up":[{"embeddable":true,"href":"https:\/\/tradicuisine.com\/index.php\/wp-json\/wp\/v2\/pages\/1735"}],"wp:featuredmedia":[{"embeddable":true,"href":"https:\/\/tradicuisine.com\/index.php\/wp-json\/"}],"wp:attachment":[{"href":"https:\/\/tradicuisine.com\/index.php\/wp-json\/wp\/v2\/media?parent=1856"}],"curies":[{"name":"wp","href":"https:\/\/api.w.org\/{rel}","templated":true}]}}